{"id":366,"date":"2019-03-27T19:57:58","date_gmt":"2019-03-27T18:57:58","guid":{"rendered":"https:\/\/www.pescanova.com\/?page_id=366"},"modified":"2022-07-19T17:07:39","modified_gmt":"2022-07-19T15:07:39","slug":"comisiones-de-consejo","status":"publish","type":"page","link":"https:\/\/www.pescanova.com\/index.php\/comisiones-de-consejo\/","title":{"rendered":"Comisiones del Consejo"},"content":{"rendered":"<div class=\"supsystic-table-loader spinner\"style=\"background-color:#000000\"><\/div><div id=\"supsystic-table-28_25047\" class=\"supsystic-tables-wrap \" style=\" width:100%; visibility: hidden; \" data-table-width-fixed=\"100%\" data-table-width-mobile=\"100%\" ><table id=\"supsystic-table-28\" class=\"supsystic-table border lightboxImg cell-border\" data-id=\"28\" data-view-id=\"28_25047\" data-title=\"Comisiones de Consejo\" data-currency-format=\"$1,000.00\" data-percent-format=\"10.00%\" data-date-format=\"DD.MM.YYYY\" data-time-format=\"HH:mm\" data-features=\"[&quot;after_table_loaded_script&quot;]\" data-search-value=\"\" data-lightbox-img=\"\" data-head-rows-count=\"1\" data-pagination-length=\"50,100,All\" data-auto-index=\"off\" data-searching-settings=\"{&quot;columnSearchPosition&quot;:&quot;bottom&quot;,&quot;minChars&quot;:&quot;0&quot;}\" data-lang=\"default\" data-override=\"{&quot;emptyTable&quot;:&quot;&quot;,&quot;info&quot;:&quot;&quot;,&quot;infoEmpty&quot;:&quot;&quot;,&quot;infoFiltered&quot;:&quot;&quot;,&quot;lengthMenu&quot;:&quot;&quot;,&quot;search&quot;:&quot;&quot;,&quot;zeroRecords&quot;:&quot;&quot;,&quot;exportLabel&quot;:&quot;&quot;,&quot;file&quot;:&quot;default&quot;}\" data-merged=\"[]\" data-responsive-mode=\"0\" data-from-history=\"0\" ><thead><tr><th class=\"\" style=\"width:; padding: 0 !important;\"><\/th><th class=\"\" style=\"width:; padding: 0 !important;\"><\/th><\/tr><\/thead><tbody><tr style=\"height:px\" ><td data-cell-id=\"A1\" data-x=\"0\" data-y=\"1\" data-db-index=\"1\" class=\"bold bg-efefef\" data-cell-type=\"text\" data-original-value=\"Concepto\" data-order=\"Concepto\" style=\"min-width:90.1116%; \" >Concepto <\/td><td data-cell-id=\"B1\" data-x=\"1\" data-y=\"1\" data-db-index=\"1\" class=\"bold bg-efefef\" data-cell-type=\"text\" data-original-value=\"PDF\" data-order=\"PDF\" style=\"min-width:9.8884%; \" >PDF <\/td><\/tr><tr style=\"height:px\" ><td data-cell-id=\"A2\" data-x=\"0\" data-y=\"2\" data-db-index=\"2\" class=\"color-ff0009\" data-cell-type=\"text\" data-original-value=\" Comisi\u00f3n de Nombramientos y Retribuciones\" data-order=\" Comisi\u00f3n de Nombramientos y Retribuciones\" > Comisi\u00f3n de Nombramientos y Retribuciones <\/td><td data-cell-id=\"B2\" data-x=\"1\" data-y=\"2\" data-db-index=\"2\" class=\"\" data-cell-type=\"text\" data-original-value=\"\" data-order=\"\" ><\/td><\/tr><tr style=\"height:px\" ><td data-cell-id=\"A3\" data-x=\"0\" data-y=\"3\" data-db-index=\"3\" class=\"\" data-cell-type=\"text\" data-original-value=\"Correspondiente al Cap\u00edtulo III, Art\u00edculo 12 del Reglamento del Consejo \" data-order=\"Correspondiente al Cap\u00edtulo III, Art\u00edculo 12 del Reglamento del Consejo \" >Correspondiente al Cap\u00edtulo III, Art\u00edculo 12 del Reglamento del Consejo <\/td><td data-cell-id=\"B3\" data-x=\"1\" data-y=\"3\" data-db-index=\"3\" class=\"\" data-cell-type=\"text\" data-original-value=\"&lt;a href=&quot;https:\/\/www.pescanova.com\/wp-content\/uploads\/2022\/07\/document.pdf&quot;&gt;Archivo&lt;\/a&gt;\" data-order=\"&lt;a href=&quot;https:\/\/www.pescanova.com\/wp-content\/uploads\/2022\/07\/document.pdf&quot;&gt;Archivo&lt;\/a&gt;\" ><a href=\"https:\/\/www.pescanova.com\/wp-content\/uploads\/2022\/07\/document.pdf\">Archivo<\/a><\/td><\/tr><tr style=\"height:px\" ><td data-cell-id=\"A4\" data-x=\"0\" data-y=\"4\" data-db-index=\"4\" class=\"color-ff0000\" data-cell-type=\"text\" data-original-value=\"Comisi\u00f3n de Auditor\u00eda\" data-order=\"Comisi\u00f3n de Auditor\u00eda\" >Comisi\u00f3n de Auditor\u00eda <\/td><td data-cell-id=\"B4\" data-x=\"1\" data-y=\"4\" data-db-index=\"4\" class=\"\" data-cell-type=\"text\" data-original-value=\"\" data-order=\"\" ><\/td><\/tr><tr style=\"height:px\" ><td data-cell-id=\"A5\" data-x=\"0\" data-y=\"5\" data-db-index=\"5\" class=\"\" data-cell-type=\"text\" data-original-value=\"Correspondiente al Cap\u00edtulo VII, Disposici\u00f3n Adicional Primera de los Estatutos Sociales y Cap\u00edtulo III, Art\u00edculo 11 del Reglamento del Consejo \" data-order=\"Correspondiente al Cap\u00edtulo VII, Disposici\u00f3n Adicional Primera de los Estatutos Sociales y Cap\u00edtulo III, Art\u00edculo 11 del Reglamento del Consejo \" >Correspondiente al Cap\u00edtulo VII, Disposici\u00f3n Adicional Primera de los Estatutos Sociales y Cap\u00edtulo III, Art\u00edculo 11 del Reglamento del Consejo <\/td><td data-cell-id=\"B5\" data-x=\"1\" data-y=\"5\" data-db-index=\"5\" class=\"\" data-cell-type=\"text\" data-original-value=\"&lt;a href=&quot;https:\/\/www.pescanova.com\/wp-content\/uploads\/2022\/07\/comision_de_auditoria_190722.pdf&quot;&gt;Archivo&lt;\/a&gt;\" data-order=\"&lt;a href=&quot;https:\/\/www.pescanova.com\/wp-content\/uploads\/2022\/07\/comision_de_auditoria_190722.pdf&quot;&gt;Archivo&lt;\/a&gt;\" ><a href=\"https:\/\/www.pescanova.com\/wp-content\/uploads\/2022\/07\/comision_de_auditoria_190722.pdf\">Archivo<\/a><\/td><\/tr><\/tbody><\/table><!-- \/#supsystic-table-28.supsystic-table --><\/div><!-- \/.supsystic-tables-wrap --><!-- Tables Generator by Supsystic --><!-- Version:1.10.49 --><!-- http:\/\/supsystic.com\/ --><a title=\"WordPress Data Table Plugin\" style=\"display:none;\" href=\"https:\/\/supsystic.com\/plugins\/wordpress-data-table-plugin\/?utm_medium=love_link\" target=\"_blank\">WordPress Data Table Plugin<\/a>\n","protected":false},"excerpt":{"rendered":"","protected":false},"author":1,"featured_media":0,"parent":0,"menu_order":0,"comment_status":"closed","ping_status":"closed","template":"","meta":{"footnotes":""},"class_list":["post-366","page","type-page","status-publish","hentry"],"_links":{"self":[{"href":"https:\/\/www.pescanova.com\/index.php\/wp-json\/wp\/v2\/pages\/366","targetHints":{"allow":["GET"]}}],"collection":[{"href":"https:\/\/www.pescanova.com\/index.php\/wp-json\/wp\/v2\/pages"}],"about":[{"href":"https:\/\/www.pescanova.com\/index.php\/wp-json\/wp\/v2\/types\/page"}],"author":[{"embeddable":true,"href":"https:\/\/www.pescanova.com\/index.php\/wp-json\/wp\/v2\/users\/1"}],"replies":[{"embeddable":true,"href":"https:\/\/www.pescanova.com\/index.php\/wp-json\/wp\/v2\/comments?post=366"}],"version-history":[{"count":3,"href":"https:\/\/www.pescanova.com\/index.php\/wp-json\/wp\/v2\/pages\/366\/revisions"}],"predecessor-version":[{"id":2124,"href":"https:\/\/www.pescanova.com\/index.php\/wp-json\/wp\/v2\/pages\/366\/revisions\/2124"}],"wp:attachment":[{"href":"https:\/\/www.pescanova.com\/index.php\/wp-json\/wp\/v2\/media?parent=366"}],"curies":[{"name":"wp","href":"https:\/\/api.w.org\/{rel}","templated":true}]}}